 divided by b.
4
Let z(d) = 19*d - 9. Calculate the remainder when z(5) is divided by 22.
20
Calculate the remainder when 36 is divided by ((-9)/(-27))/((-2)/(-120)).
16
Let r(s) be the first derivative of -s**3/3 + 5*s**2 - 7*s + 1. Let b be (20/8)/(10/24). Calculate the remainder when r(b) is divided by 6.
5
Let v = -2 + 16. Let g(h) = -h**3 - 5*h**2 + 10*h - 2. What is the remainder when g(-7) is divided by v?
12
Let h(o) = -o**2 + 11*o - 11. Calculate the remainder when 19 is divided by h(9).
5
Let q = 106 - 89. Calculate the remainder when 67 + (2 - 2) + -1 is divided by q.
15
Let d = 32 - 23. Let c(s) = s**2 - 7*s + 3. What is the remainder when c(d) is divided by 8?
5
Calculate the remainder when (-222)/(-4) - 15/(-10) is divided by 12.
9
Suppose 3*o - 58 = -5*a - 0*a, -4*a + 5*o + 76 = 0. Let h = 141 - 91. Calculate the remainder when a is divided by (h/15)/(4/6).
4
Let f = -28 + 41. What is the remainder when f is divided by 2?
1
What is the remainder when 13 is divided by (105/(-42))/((-1)/2)?
3
Let l = -31 - -96. What is the remainder when l is divided by 33?
32
Calculate the remainder when 0 + ((-220)/(-15))/((-1)/(-3)) is divided by 23.
21
Suppose 2*d = 12 + 32. Suppose l = 3*l - d. What is the remainder when 20 is divided by l?
9
Let n = 6 - -2. Calculate the remainder when 44 is divided by n.
4
Let s = 277 - 160. What is the remainder when s is divided by 30?
27
Suppose 0*n = -2*s + 2*n, 0 = s - 3*n + 4. Let c(l) = -5*l. Let b be c(1). What is the remainder when -2 + s - (b - -1) is divided by 3?
1
Let y(s) = s + 1. Let o(d) = 4*d + 5. Let p(w) = o(w) - 6*y(w). Calculate the remainder when 20 is divided by p(-4).
6
What is the remainder when 17 is divided by (-3 - (1 - 0)) + (-72)/(-8)?
2
Let j = 2 + -1. What is the remainder when 2 is divided by j?
0
Let k = -30 - -52. Suppose r = -7 + k. What is the remainder when 28 is divided by r?
13
Suppose -2*f + 56 = -50. Calculate the remainder when f is divided by 18.
17
Let h(u) = -u**2 - 23*u - 23. Calculate the remainder when h(-17) is divided by 20.
19
Suppose 4*m = 15 - 3. What is the remainder when 3 + m + 12/(-3) is divided by 2?
0
Let a = 49 + -33. Calculate the remainder when 31 is divided by a.
15
Suppose d - r = -8, -2*d + 3*r = -0*d + 21. Calculate the remainder when ((-120)/(-9))/((-1)/d) is divided by 21.
19
Let k be 177/9 - (-4)/(-6). Suppose -u + k + 14 = 0. What is the remainder when u is divided by 9?
6
Let f(x) = -x**3 - 9*x**2 + 6*x - 14. What is the remainder when 49 is divided by f(-10)?
23
Let m be (-40)/3*(-30)/4. Suppose 0 = -5*z + 3*z + m. Calculate the remainder when z is divided by 20*1 - 6/2.
16
Let k be 292/18 - (-10)/(-45). Suppose g = -5*r + 33, 3*r + k = -g + 39. Suppose 3 + 0 = j. Calculate the remainder when g is divided by j.
2
Calculate the remainder when 108 is divided by (-7 + 3)*6/8 - -25.
20
Suppose -3*q - q + 3*r + 21 = 0, 3*q = 2*r + 17. Let i be 1/(-2)*(-1 - -1). What is the remainder when (-1 + i)/(1/(-17)) is divided by q?
8
Suppose -4*z = -5*z + 5*t + 42, 2*t + 187 = 5*z. Calculate the remainder when z is divided by 13.
11
Let d(s) = -19*s + 3. Let z be d(-5). Suppose 0*y + z = 2*y. Calculate the remainder when y is divided by 17.
15
Let y(u) = 2*u**3 - u - 3. Let o be (-1 - -6) + -2 + 1. Suppose m + 96 = o*m. Calculate the remainder when m is divided by y(2).
10
Let f(v) = 40*v**2 + 1. What is the remainder when 162 is divided by f(1)?
39
Suppose 0 = 5*t + 2*i - 397, 3*t - i - 259 = 3*i. What is the remainder when t is divided by 21?
18
Let p be (-9)/3*(-1)/3. Let q(j) = 69*j - 1. What is the remainder when q(p) is divided by 23?
22
Suppose -c = -2*x + x + 32, 2*c - 23 = -x. Let h = x - -10. What is the remainder when 24 is divided by h/6*2*1?
11
Suppose 0 = 3*g - 6*g - 192. Let b = 89 + g. What is the remainder when b is divided by 14?
11
Let m(i) be the second derivative of -i**5/20 - i**4/3 - 2*i**3/3 + 2*i**2 + i. What is the remainder when m(-4) is divided by 7?
6
Suppose -5*m + 22 = -2*p, 0*p - 3*p + 3*m - 15 = 0. Let a(i) = -57*i - 1. Let h be a(p). What is the remainder when 14 is divided by (-1)/(-2)*h/7?
2
Let l = -7 + 2. Let k(u) be the third derivative of -u**4/4 + 2*u**3/3 + u**2. What is the remainder when k(l) is divided by 12?
10
Let j(l) = -l + 6. What is the remainder when 31 is divided by j(-5)?
9
Calculate the remainder when 21 is divided by -9*18/(-39) - 2/13.
1
Let z be (-1)/(-2)*(3 - 3). Suppose 2*t - 26 = -z*t. Let c(q) = -q**3 - 6*q**2 + 2*q + 3. Calculate the remainder when c(-7) is divided by t.
12
Let z = -21 - -44. What is the remainder when 66 is divided by z?
20
Suppose x = -5*n + 21, 3*n + 0 + 1 = -4*x. Let b = n + -1. What is the remainder when 99/(-6)*6/(-9) is divided by b?
3
Let y(d) = -d**2 - d. Let v be y(-2). What is the remainder when 5 is divided by v/(-12) - 34/(-12)?
2
Suppose -4*b - 18 + 322 = 0. Let k = 47 - 84. Let v = k + b. Calculate the remainder when v is divided by 20.
19
Suppose -19*w + 123 + 86 = 0. Let y be 2/8 + (-1)/4. Suppose 4*g + g + 3*k - 175 = y, 4*k = 2*g - 44. Calculate the remainder when g is divided by w.
10
Let q(u) = u**2 + 37*u + 109. Calculate the remainder when 61 is divided by q(-34).
5
Let b(q) = -2*q**2 + 2*q + 5. Let j be b(4). Suppose -187 = -5*s - 12. Let z = s + j. What is the remainder when 47 is divided by z?
15
Let f = 28 + -13. What is the remainder when ((-145)/(-20))/((-2)/(-8)) is divided by f?
14
Suppose s = -0*s + 5. Suppose s*f - 31 = 24. Suppose -2 = v - f. Calculate the remainder when 17 is divided by v.
8
Let l = 453 - 427. Let v = -82 - -167. Suppose 45 = 5*x + 5*a, -5*x + 0*a + 3*a = -v. What is the remainder when l is divided by x?
12
Suppose -98 = -4*k - 14. Let b(d) = -12*d - 1. What is the remainder when k is divided by b(-1)?
10
Let b = -31 + 1. Let h = 18 + b. Let x = h + 20. What is the remainder when 23 is divided by x?
7
Let q(u) = u**2 - 3*u - 6. Suppose 0*t + 3 = t. Suppose t*f = 6*f - 105. Calculate the remainder when f is divided by q(6).
11
Let a = 7 + -7. Suppose 8 = -a*s + 2*s. Calculate the remainder when 15 is divided by s.
3
Let b(t) = t**3 - 6*t**2 + 2*t - 2. Suppose 0*w = -4*g - 2*w + 20, -5*w + 20 = 5*g. What is the remainder when b(g) is divided by 6?
4
Suppose -7 = -2*u - 15, 4*s - 196 = 2*u. Calculate the remainder when 140 is divided by s.
46
Suppose -3*i - 67 = -o, -2*i + 0 = 4. What is the remainder when o is divided by 16?
13
Let y = -9 + 15. Calculate the remainder when y is divided by 1*(-2)/1*-2.
2
Suppose 222 = 3*n + 3*f, 378 = -3*n + 8*n - 3*f. What is the remainder when n is divided by 13?
10
Suppose -2*k + 3 - 4 = -3*g, 5*g - 4*k = 3. Let y(z) = -211*z**3 - 1. Let f be y(g). Suppose 0 = -5*j + f + 70. What is the remainder when j is divided by 19?
18
Suppose -3*j + 7*j - 4*v = 0, 2*v = 5*j - 6. Let x = j + 5. What is the remainder when 12 is divided by x?
5
Suppose 2*l + 2*w + 6 = 0, 0*l - 3*w = 2*l + 8. Let p = l + 1. Suppose -5*g = -g - 4*n - 84, 2*g + 3*n - 37 = p. Calculate the remainder when g is divided by 7.
6
Let k = 6 - 0. Calculate the remainder when (-34)/(-6)*k*1 is divided by 18.
16
Let n(o) = 2*o - 5. Let k be n(4). Suppose -4*h - b = -56, h + 26 = k*h + b. Suppose 44 = -4*g + 5*g. What is the remainder when g is divided by h?
14
Let v(o) = 4*o**3 + 2*o**2 + o - 2. What is the remainder when v(1) is divided by 3?
2
Suppose -4*g + 18 + 30 = 0. Calculate the remainder when 33 is divided by g.
9
Let h(f) be the third derivative of 0 - 1/2*f**3 - 1/120*f**6 + 0*f + 1/8*f**4 + 0*f**5 + 2*f**2. What is the remainder when 28 is divided by h(-3)?
13
Let w = -20 - -37. Let i be 0 + -3*(-8)/(-3). Let b(u) = -u**2 - 10*u - 11. Calculate the remainder when w is divided by b(i).
2
Let t(v) = -v + 6. Let l = 0 + 6. Let r be t(l). Suppose r = -3*z + 3*p + 9, -5*z - p = -10*z + 27. What is the remainder when 17 is divided by z?
5
Calculate the remainder when (-6)/(-8) + 354/8 is divided by 32/(-12)*9/(-2).
9
Let w(h) = -2*h**2 - 16*h + 14. What is the remainder when w(-8) is divided by 10?
4
Let z = 5 - 4. Let f be 4 + (1 - 1) + z. Suppose -92 = -f*w - 17. What is the remainder when w is divided by 8?
7
Let n(b) = -b**2 - 7*b. Let s be n(-6). Let f = 2 + s. Let j(x) = x**3 - 8*x**2 + 6. Calculate the remainder